{"id":7,"date":"2021-10-26T15:41:37","date_gmt":"2021-10-26T15:41:37","guid":{"rendered":"http:\/\/www.rozondasalas.es\/?page_id=7"},"modified":"2026-04-25T16:14:27","modified_gmt":"2026-04-25T16:14:27","slug":"rozonda-salas","status":"publish","type":"page","link":"https:\/\/www.rozondasalas.es\/","title":{"rendered":"Bienvenidos a mi p\u00e1gina!"},"content":{"rendered":"\n<ul class=\"wp-block-social-links has-large-icon-size is-layout-flex wp-block-social-links-is-layout-flex\"><li class=\"wp-social-link wp-social-link-instagram  wp-block-social-link\"><a href=\"http:\/\/www.instagram.com\/rozondasalas\" class=\"wp-block-social-link-anchor\"><svg width=\"24\" height=\"24\" viewBox=\"0 0 24 24\" version=\"1.1\" xmlns=\"http:\/\/www.w3.org\/2000\/svg\" aria-hidden=\"true\" focusable=\"false\"><path d=\"M12,4.622c2.403,0,2.688,0.009,3.637,0.052c0.877,0.04,1.354,0.187,1.671,0.31c0.42,0.163,0.72,0.358,1.035,0.673 c0.315,0.315,0.51,0.615,0.673,1.035c0.123,0.317,0.27,0.794,0.31,1.671c0.043,0.949,0.052,1.234,0.052,3.637 s-0.009,2.688-0.052,3.637c-0.04,0.877-0.187,1.354-0.31,1.671c-0.163,0.42-0.358,0.72-0.673,1.035 c-0.315,0.315-0.615,0.51-1.035,0.673c-0.317,0.123-0.794,0.27-1.671,0.31c-0.949,0.043-1.233,0.052-3.637,0.052 s-2.688-0.009-3.637-0.052c-0.877-0.04-1.354-0.187-1.671-0.31c-0.42-0.163-0.72-0.358-1.035-0.673 c-0.315-0.315-0.51-0.615-0.673-1.035c-0.123-0.317-0.27-0.794-0.31-1.671C4.631,14.688,4.622,14.403,4.622,12 s0.009-2.688,0.052-3.637c0.04-0.877,0.187-1.354,0.31-1.671c0.163-0.42,0.358-0.72,0.673-1.035 c0.315-0.315,0.615-0.51,1.035-0.673c0.317-0.123,0.794-0.27,1.671-0.31C9.312,4.631,9.597,4.622,12,4.622 M12,3 C9.556,3,9.249,3.01,8.289,3.054C7.331,3.098,6.677,3.25,6.105,3.472C5.513,3.702,5.011,4.01,4.511,4.511 c-0.5,0.5-0.808,1.002-1.038,1.594C3.25,6.677,3.098,7.331,3.054,8.289C3.01,9.249,3,9.556,3,12c0,2.444,0.01,2.751,0.054,3.711 c0.044,0.958,0.196,1.612,0.418,2.185c0.23,0.592,0.538,1.094,1.038,1.594c0.5,0.5,1.002,0.808,1.594,1.038 c0.572,0.222,1.227,0.375,2.185,0.418C9.249,20.99,9.556,21,12,21s2.751-0.01,3.711-0.054c0.958-0.044,1.612-0.196,2.185-0.418 c0.592-0.23,1.094-0.538,1.594-1.038c0.5-0.5,0.808-1.002,1.038-1.594c0.222-0.572,0.375-1.227,0.418-2.185 C20.99,14.751,21,14.444,21,12s-0.01-2.751-0.054-3.711c-0.044-0.958-0.196-1.612-0.418-2.185c-0.23-0.592-0.538-1.094-1.038-1.594 c-0.5-0.5-1.002-0.808-1.594-1.038c-0.572-0.222-1.227-0.375-2.185-0.418C14.751,3.01,14.444,3,12,3L12,3z M12,7.378 c-2.552,0-4.622,2.069-4.622,4.622S9.448,16.622,12,16.622s4.622-2.069,4.622-4.622S14.552,7.378,12,7.378z M12,15 c-1.657,0-3-1.343-3-3s1.343-3,3-3s3,1.343,3,3S13.657,15,12,15z M16.804,6.116c-0.596,0-1.08,0.484-1.08,1.08 s0.484,1.08,1.08,1.08c0.596,0,1.08-0.484,1.08-1.08S17.401,6.116,16.804,6.116z\"><\/path><\/svg><span class=\"wp-block-social-link-label screen-reader-text\">Instagram<\/span><\/a><\/li>\n\n<li class=\"wp-social-link wp-social-link-youtube  wp-block-social-link\"><a href=\"http:\/\/www.youtube.com\/@rozondasalas\" class=\"wp-block-social-link-anchor\"><svg width=\"24\" height=\"24\" viewBox=\"0 0 24 24\" version=\"1.1\" xmlns=\"http:\/\/www.w3.org\/2000\/svg\" aria-hidden=\"true\" focusable=\"false\"><path d=\"M21.8,8.001c0,0-0.195-1.378-0.795-1.985c-0.76-0.797-1.613-0.801-2.004-0.847c-2.799-0.202-6.997-0.202-6.997-0.202 h-0.009c0,0-4.198,0-6.997,0.202C4.608,5.216,3.756,5.22,2.995,6.016C2.395,6.623,2.2,8.001,2.2,8.001S2,9.62,2,11.238v1.517 c0,1.618,0.2,3.237,0.2,3.237s0.195,1.378,0.795,1.985c0.761,0.797,1.76,0.771,2.205,0.855c1.6,0.153,6.8,0.201,6.8,0.201 s4.203-0.006,7.001-0.209c0.391-0.047,1.243-0.051,2.004-0.847c0.6-0.607,0.795-1.985,0.795-1.985s0.2-1.618,0.2-3.237v-1.517 C22,9.62,21.8,8.001,21.8,8.001z M9.935,14.594l-0.001-5.62l5.404,2.82L9.935,14.594z\"><\/path><\/svg><span class=\"wp-block-social-link-label screen-reader-text\">YouTube<\/span><\/a><\/li>\n\n<li class=\"wp-social-link wp-social-link-facebook  wp-block-social-link\"><a href=\"https:\/\/www.facebook.com\/rozondasalas\" class=\"wp-block-social-link-anchor\"><svg width=\"24\" height=\"24\" viewBox=\"0 0 24 24\" version=\"1.1\" xmlns=\"http:\/\/www.w3.org\/2000\/svg\" aria-hidden=\"true\" focusable=\"false\"><path d=\"M12 2C6.5 2 2 6.5 2 12c0 5 3.7 9.1 8.4 9.9v-7H7.9V12h2.5V9.8c0-2.5 1.5-3.9 3.8-3.9 1.1 0 2.2.2 2.2.2v2.5h-1.3c-1.2 0-1.6.8-1.6 1.6V12h2.8l-.4 2.9h-2.3v7C18.3 21.1 22 17 22 12c0-5.5-4.5-10-10-10z\"><\/path><\/svg><span class=\"wp-block-social-link-label screen-reader-text\">Facebook<\/span><\/a><\/li><\/ul>\n\n\n\n<p>Soy Rozonda Salas, tarotista profesional desde hace m\u00e1s de 19 a\u00f1os. Fui creadora del conocido blog de Tarot &#8220;El Tarot, Libro Abierto&#8221; (a\u00fan disponible en <a href=\"http:\/\/eltarotlibroabierto.blogspot.com\">http:\/\/eltarotlibroabierto.blogspot.com<\/a>) y he escrito varios libros sobre tarot y cartomancia. Aparte de realizar lecturas, tambi\u00e9n doy cursos, clases y charlas sobre Tarot. Abajo encontrar\u00e1s mis servicios y precios e informaci\u00f3n para adquirir mis libros. Bienvenidos!!!<\/p>\n\n\n\n<figure class=\"wp-block-image size-large is-resized\"><img loading=\"lazy\" decoding=\"async\" width=\"1020\" height=\"1024\" src=\"https:\/\/www.rozondasalas.es\/wp-content\/uploads\/2026\/04\/yo2026-1020x1024.jpg\" alt=\"\" class=\"wp-image-236\" style=\"width:614px;height:auto\" srcset=\"https:\/\/www.rozondasalas.es\/wp-content\/uploads\/2026\/04\/yo2026-1020x1024.jpg 1020w, https:\/\/www.rozondasalas.es\/wp-content\/uploads\/2026\/04\/yo2026-300x300.jpg 300w, https:\/\/www.rozondasalas.es\/wp-content\/uploads\/2026\/04\/yo2026-150x150.jpg 150w, https:\/\/www.rozondasalas.es\/wp-content\/uploads\/2026\/04\/yo2026-768x771.jpg 768w, https:\/\/www.rozondasalas.es\/wp-content\/uploads\/2026\/04\/yo2026-1529x1536.jpg 1529w, https:\/\/www.rozondasalas.es\/wp-content\/uploads\/2026\/04\/yo2026.jpg 2039w\" sizes=\"auto, (max-width: 1020px) 100vw, 1020px\" \/><\/figure>\n\n\n\n<figure class=\"wp-block-image size-large is-resized\"><img loading=\"lazy\" decoding=\"async\" width=\"1024\" height=\"347\" src=\"https:\/\/www.rozondasalas.es\/wp-content\/uploads\/2021\/11\/logocodieticprofesional-1024x347.jpg\" alt=\"\" class=\"wp-image-22\" style=\"width:387px;height:131px\" srcset=\"https:\/\/www.rozondasalas.es\/wp-content\/uploads\/2021\/11\/logocodieticprofesional-1024x347.jpg 1024w, https:\/\/www.rozondasalas.es\/wp-content\/uploads\/2021\/11\/logocodieticprofesional-300x102.jpg 300w, https:\/\/www.rozondasalas.es\/wp-content\/uploads\/2021\/11\/logocodieticprofesional-768x260.jpg 768w, https:\/\/www.rozondasalas.es\/wp-content\/uploads\/2021\/11\/logocodieticprofesional.jpg 1401w\" sizes=\"auto, (max-width: 1024px) 100vw, 1024px\" \/><figcaption class=\"wp-element-caption\"><a href=\"http:\/\/www.eticaytarot.com\">http:\/\/www.eticaytarot.com<\/a><\/figcaption><\/figure>\n\n\n<div>\n<div>\n<div>\n<h2><strong>No contesto preguntas sobre salud, por adhesi\u00f3n al c\u00f3digo \u00e9tico del Tarot. Este c\u00f3digo puede consultarse en<a href=\"https:\/\/www.eticaytarot.com\" target=\"_blank\" rel=\"noreferrer noopener\"> https:\/\/www.eticaytarot.com<\/a><\/strong><\/h2>\n<\/div>\n<\/div>\n<\/div>\n\n\n<div class=\"wp-block-group is-nowrap is-layout-flex wp-container-core-group-is-layout-ad2f72ca wp-block-group-is-layout-flex\">\n<div class=\"wp-block-columns is-layout-flex wp-container-core-columns-is-layout-9d6595d7 wp-block-columns-is-layout-flex\">\n<div class=\"wp-block-column is-layout-flow wp-block-column-is-layout-flow\" style=\"flex-basis:100%\">\n<p><br><br><strong>Mis servicios y precios<\/strong><br><br><strong>Se pueden solicitar dos tipos diferentes de consultas:<\/strong><br><br><br>&#8211;<strong>Consulta por email o  audio de whatsapp (de lunes a viernes, se reciben a las 24h del pago, en audio mp3.  NO REQUIEREN CITA PREVIA.Incluyen imagen de la tirada. Las preguntas se env\u00edan al email eltarotlibroabierto@gmail.com o a mi WhatsApp, en el bot\u00f3n inferior derecha \ud83d\udc47.)<\/strong><br><strong>Se puede escoger entre las siguientes tiradas:<\/strong><div><br>Tirada de tres cartas (1 pregunta) 12\u20ac<br><br>Tirada de nueve cartas (tres preguntas o tres temas) 17\u20ac<br><br>Tirada del or\u00e1culo gitano (2 preguntas) 14\u20ac<br><br>Tirada de la pareja 16\u20ac<br><br>Cuadrado m\u00e1gico Lenormand 21\u20ac<br><br>Tirada de las dos opciones 21 \u20ac<br><br>Tirada roman\u00ed (18 cartas, seis preguntas concretas o tres temas) 24\u20ac<br><br>Tirada astrol\u00f3gica (panorama general del a\u00f1o, 12 cartas) 27\u20ac<br><br>Tirada Causa y Soluci\u00f3n (1 pregunta, or\u00e1culo Cartas Clow) 13\u20ac<\/div><br>Tirada Cruz de la Sibilla (1 pregunta, or\u00e1culo  Sibilla della Zingara)13 \u20ac<br><br><strong>Nota: Las tiradas especificas son s\u00f3lo para email y Whatsapp. En tel\u00e9fono y presencial yo elijo las tiradas.<br><\/strong><div><br><br><strong>-Consulta de tarot telef\u00f3nico o por videollamada(consulta por cita previa, lunes a viernes <span style=\"font-family: &quot;Courier 10 Pitch&quot;, Courier, monospace;\"><font color=\"#222222\">de  10.30 a 13.30 h y de 16 a 21 h hora espa\u00f1ola<\/font><\/span><span style=\"color: rgb(34, 34, 34); font-family: &quot;Courier 10 Pitch&quot;, Courier, monospace;\">)<\/span><\/strong><\/div><br><div><span style=\"color: rgb(34, 34, 34); font-family: &quot;Courier 10 Pitch&quot;, Courier, monospace;\">Sesi\u00f3n 30 minutos-22 \u20ac<\/span><\/div>Sesi\u00f3n 40 minutos-24 \u20ac<br><br><strong>Disponible sesi\u00f3n de una hora (44 euros) pero debido a su extensi\u00f3n excepcional, debes consultarme previamente antes de pedirla. Gracias!<\/strong><br><strong>Nuevo!!! Posibilidad de realizar videollamada por Zoom al mismo precio. Por un euro m\u00e1s, se facilita la grabaci\u00f3n de la sesi\u00f3n. Cons\u00faltame para m\u00e1s detalles!<\/strong><br><div><br><br><br>-C<strong>onsulta presencial en C\u00f3rdoba capital (consulta 30 min m\u00ednimo, por cita previa, lunes a viernes de 10 a 13.30 h y de 16 a 21 h hora espa\u00f1ola ):<\/strong><\/div><br>-Sesi\u00f3n presencial media hora: 22 euros<br>-Sesi\u00f3n presencial 40 minutos: 24 euros<br>-Sesi\u00f3n presencial una hora: 44 euros <div><br><br><em>Pago por paypal(mcsalas@gmail.com) bizum o transferencia bancaria (escr\u00edbeme para pedir los datos). Consultas a eltarotlibroabierto@gmail.com o a mi WhatsApp<\/em><span style=\"color: rgb(34, 34, 34); font-family: &quot;Courier 10 Pitch&quot;, Courier, monospace;\"> <\/span><em>(bot\u00f3n inferior derecha<\/em><span style=\"color: rgb(34, 34, 34); font-family: &quot;Courier 10 Pitch&quot;, Courier, monospace;\">)<\/span><\/div>Nuevo! Para ver las horas disponibles para cita por videollamada, tel\u00e9fono y presencial,y reservar tu hora en Google Calendar(confirmando posteriormente con el pago) haz clic en el bot\u00f3n violeta de arriba a la derecha.<br><br><br><img loading=\"lazy\" decoding=\"async\" width=\"150\" height=\"150\" class=\"wp-image-149\" style=\"width: 150px;\" src=\"https:\/\/www.rozondasalas.es\/wp-content\/uploads\/2024\/06\/Nuevo-Disponibilidad-para-charlas-conferencias-y-eventos_20240605_132042_0000.png\" alt=\"\" srcset=\"https:\/\/www.rozondasalas.es\/wp-content\/uploads\/2024\/06\/Nuevo-Disponibilidad-para-charlas-conferencias-y-eventos_20240605_132042_0000.png 1080w, https:\/\/www.rozondasalas.es\/wp-content\/uploads\/2024\/06\/Nuevo-Disponibilidad-para-charlas-conferencias-y-eventos_20240605_132042_0000-300x300.png 300w, https:\/\/www.rozondasalas.es\/wp-content\/uploads\/2024\/06\/Nuevo-Disponibilidad-para-charlas-conferencias-y-eventos_20240605_132042_0000-1024x1024.png 1024w, https:\/\/www.rozondasalas.es\/wp-content\/uploads\/2024\/06\/Nuevo-Disponibilidad-para-charlas-conferencias-y-eventos_20240605_132042_0000-150x150.png 150w, https:\/\/www.rozondasalas.es\/wp-content\/uploads\/2024\/06\/Nuevo-Disponibilidad-para-charlas-conferencias-y-eventos_20240605_132042_0000-768x768.png 768w\" sizes=\"auto, (max-width: 150px) 100vw, 150px\" \/><br>Todas las tiradas y lecturas que ofrezco se pueden realizar con runas Futhark si as\u00ed se desea, s\u00f3lo hay que indicarlo previamente.<div><em><br><br><br>Tambi\u00e9n ofrezco  clases particulares de tarot ( ,runas y or\u00e1culos (precio 24 euros\/hora). M\u00e1s informaci\u00f3n en eltarotlibroabierto@gmail.com<\/em><\/div> <em>o en mi WhatsApp (bot\u00f3n inferior derecha<\/em> \ud83d\udc47)<br><em>Nuevo! Tambi\u00e9n clases particulares de orientaci\u00f3n para ser tarotista profesional. Tambi\u00e9n 24 euros hora. Inf\u00f3rmate!<\/em><br><br><br><img loading=\"lazy\" decoding=\"async\" width=\"150\" height=\"150\" class=\"wp-image-116\" style=\"width: 150px;\" src=\"https:\/\/www.rozondasalas.es\/wp-content\/uploads\/2023\/10\/Nuevo-Disponibilidad-para-charlas-conferencias-y-eventos_20230929_153147_0000.png\" alt=\"\" srcset=\"https:\/\/www.rozondasalas.es\/wp-content\/uploads\/2023\/10\/Nuevo-Disponibilidad-para-charlas-conferencias-y-eventos_20230929_153147_0000.png 1080w, https:\/\/www.rozondasalas.es\/wp-content\/uploads\/2023\/10\/Nuevo-Disponibilidad-para-charlas-conferencias-y-eventos_20230929_153147_0000-300x300.png 300w, https:\/\/www.rozondasalas.es\/wp-content\/uploads\/2023\/10\/Nuevo-Disponibilidad-para-charlas-conferencias-y-eventos_20230929_153147_0000-1024x1024.png 1024w, https:\/\/www.rozondasalas.es\/wp-content\/uploads\/2023\/10\/Nuevo-Disponibilidad-para-charlas-conferencias-y-eventos_20230929_153147_0000-150x150.png 150w, https:\/\/www.rozondasalas.es\/wp-content\/uploads\/2023\/10\/Nuevo-Disponibilidad-para-charlas-conferencias-y-eventos_20230929_153147_0000-768x768.png 768w\" sizes=\"auto, (max-width: 150px) 100vw, 150px\" \/><br>Estoy disponible para charlas, conferencias y colaboraciones en eventos sobre Tarot, condiciones a convenir. Escr\u00edbeme a eltarotlibroabierto@gmail.com o ponme un WhatsApp (bot\u00f3n abajo a la derecha)<br><br><br><br><div><div><em>Libros  publicados sobre tarot y cartomancia:El Tarot <\/em><\/div><em>Libro Abierto 1 y 2 (dos vol\u00famenes)<\/em><div><div><em><br>Escuela de Amor (Tarot para enamorados y Parejas)<br><br>31 Mitos Sobre El Tarot<\/em><br><br><em>Del Polvo a las Estrellas (78 haikus (poemas) sobre el tarot)<br><br>Oraculo Zigeuner: un m\u00e9todo sencillo para su interpretaci\u00f3n<br><br>Manual para la interpretaci\u00f3n del Or\u00e1culo Kipper<\/em><\/div><br><em>20 peque\u00f1as tiradas de tarot (cuaderno de tiradas)<\/em><div><em><br><br>Se pueden comprar directamente de m\u00ed en PDF (precios y bot\u00f3n paypal arriba a la derecha)o en Amazon para el Kindle (en amazon.es).<\/em> <em>El Tarot Libro Abierto 1 y 2 y Del Polvo a las Estrellas pueden comprarse en papel en Lulu.com, en esta direcci\u00f3n:<br><a href=\"https:\/\/www.lulu.com\/spotlight\/rozondasalas\">https:\/\/www.lulu.com\/spotlight\/rozondasalas<\/a><\/em><\/div><br><div><br><br>\u00bf Est\u00e1s buscando mi blog? ahora est\u00e1 en <a href=\"http:\/\/eltarotlibroabierto.blogspot.com\" target=\"_blank\" rel=\"noreferrer noopener\">http:\/\/eltarotlibroabierto.blogspot.com<\/a><\/div><br><a href=\"http:\/\/Eltarotlibroabierto.blogspot.com\" data-type=\"link\" data-id=\"Eltarotlibroabierto.blogspot.com\"><img loading=\"lazy\" decoding=\"async\" width=\"150\" height=\"153\" class=\"wp-image-121\" style=\"width: 150px;\" src=\"https:\/\/www.rozondasalas.es\/wp-content\/uploads\/2023\/10\/Screenshot_2023-10-13-19-43-12-009_com.android.chrome-edit.jpg\" alt=\"\" srcset=\"https:\/\/www.rozondasalas.es\/wp-content\/uploads\/2023\/10\/Screenshot_2023-10-13-19-43-12-009_com.android.chrome-edit.jpg 1080w, https:\/\/www.rozondasalas.es\/wp-content\/uploads\/2023\/10\/Screenshot_2023-10-13-19-43-12-009_com.android.chrome-edit-293x300.jpg 293w, https:\/\/www.rozondasalas.es\/wp-content\/uploads\/2023\/10\/Screenshot_2023-10-13-19-43-12-009_com.android.chrome-edit-1001x1024.jpg 1001w, https:\/\/www.rozondasalas.es\/wp-content\/uploads\/2023\/10\/Screenshot_2023-10-13-19-43-12-009_com.android.chrome-edit-768x786.jpg 768w\" sizes=\"auto, (max-width: 150px) 100vw, 150px\" \/><\/a><div><br><br><br><br><\/div><\/div><\/div><\/p>\n<\/div>\n<\/div>\n<\/div>\n\n\n\n<figure class=\"wp-block-image size-large is-resized\"><img loading=\"lazy\" decoding=\"async\" width=\"1024\" height=\"1024\" src=\"https:\/\/www.rozondasalas.es\/wp-content\/uploads\/2025\/08\/Post-Instagram-Lectura-carta-astral-Moderno-Azul_20250813_130935_0000-6-1024x1024.png\" alt=\"\" class=\"wp-image-196\" style=\"width:295px;height:auto\" srcset=\"https:\/\/www.rozondasalas.es\/wp-content\/uploads\/2025\/08\/Post-Instagram-Lectura-carta-astral-Moderno-Azul_20250813_130935_0000-6-1024x1024.png 1024w, https:\/\/www.rozondasalas.es\/wp-content\/uploads\/2025\/08\/Post-Instagram-Lectura-carta-astral-Moderno-Azul_20250813_130935_0000-6-300x300.png 300w, https:\/\/www.rozondasalas.es\/wp-content\/uploads\/2025\/08\/Post-Instagram-Lectura-carta-astral-Moderno-Azul_20250813_130935_0000-6-150x150.png 150w, https:\/\/www.rozondasalas.es\/wp-content\/uploads\/2025\/08\/Post-Instagram-Lectura-carta-astral-Moderno-Azul_20250813_130935_0000-6-768x768.png 768w, https:\/\/www.rozondasalas.es\/wp-content\/uploads\/2025\/08\/Post-Instagram-Lectura-carta-astral-Moderno-Azul_20250813_130935_0000-6.png 1080w\" sizes=\"auto, (max-width: 1024px) 100vw, 1024px\" \/><\/figure>\n\n\n\n<p>Ahora puedes contratarme como tarotista para tus eventos! (bodas, cenas de empresa, celebraciones&#8230;Cont\u00e1ctame para precios y condiciones!<\/p>\n","protected":false},"excerpt":{"rendered":"<p>Soy Rozonda Salas, tarotista profesional desde hace m\u00e1s de 19 a\u00f1os. Fui creadora del conocido blog de Tarot &#8220;El Tarot, Libro Abierto&#8221; (a\u00fan disponible en http:\/\/eltarotlibroabierto.blogspot.com) y he escrito varios libros sobre tarot y cartomancia. Aparte de realizar lecturas, tambi\u00e9n &hellip; <a href=\"https:\/\/www.rozondasalas.es\/\">Continue reading <span class=\"meta-nav\">&rarr;<\/span><\/a><\/p>\n","protected":false},"author":1,"featured_media":0,"parent":0,"menu_order":0,"comment_status":"closed","ping_status":"closed","template":"","meta":{"footnotes":""},"class_list":["post-7","page","type-page","status-publish","hentry"],"_links":{"self":[{"href":"https:\/\/www.rozondasalas.es\/index.php\/wp-json\/wp\/v2\/pages\/7","targetHints":{"allow":["GET"]}}],"collection":[{"href":"https:\/\/www.rozondasalas.es\/index.php\/wp-json\/wp\/v2\/pages"}],"about":[{"href":"https:\/\/www.rozondasalas.es\/index.php\/wp-json\/wp\/v2\/types\/page"}],"author":[{"embeddable":true,"href":"https:\/\/www.rozondasalas.es\/index.php\/wp-json\/wp\/v2\/users\/1"}],"replies":[{"embeddable":true,"href":"https:\/\/www.rozondasalas.es\/index.php\/wp-json\/wp\/v2\/comments?post=7"}],"version-history":[{"count":84,"href":"https:\/\/www.rozondasalas.es\/index.php\/wp-json\/wp\/v2\/pages\/7\/revisions"}],"predecessor-version":[{"id":243,"href":"https:\/\/www.rozondasalas.es\/index.php\/wp-json\/wp\/v2\/pages\/7\/revisions\/243"}],"wp:attachment":[{"href":"https:\/\/www.rozondasalas.es\/index.php\/wp-json\/wp\/v2\/media?parent=7"}],"curies":[{"name":"wp","href":"https:\/\/api.w.org\/{rel}","templated":true}]}}